
Does 12 divide 288?
True
Is 504 a multiple of 6?
True
Does 19 divide 1389?
False
Does 9 divide 189?
True
Is 557 a multiple of 30?
False
Is 9 a factor of 1393?
False
Is 29 a factor of 1218?
True
Is 48 a factor of 8648?
False
Is 6 a factor of 3171?
False
Is 2397 a multiple of 17?
True
Is 9333 a multiple of 153?
True
Is 1344 a multiple of 11?
False
Is 43 a factor of 2107?
True
Is 26930 a multiple of 230?
False
Is 2400 a multiple of 7?
False
Does 12 divide 78?
False
Does 14 divide 22?
False
Is 585 a multiple of 8?
False
Is 199 a multiple of 5?
False
Is 30 a factor of 575?
False
Does 4 divide 228?
True
Is 18016 a multiple of 8?
True
Is 18 a factor of 310?
False
Does 106 divide 742?
True
Does 15 divide 318?
False
Is 150 a factor of 8850?
True
Is 1428 a multiple of 7?
True
Does 12 divide 12321?
False
Is 23 a factor of 529?
True
Is 1328 a multiple of 22?
False
Does 29 divide 1015?
True
Is 21204 a multiple of 76?
True
Is 5 a factor of 26556?
False
Is 11 a factor of 577?
False
Is 25652 a multiple of 106?
True
Is 2 a factor of 191?
False
Is 4 a factor of 70?
False
Is 1500 a multiple of 75?
True
Is 11045 a multiple of 18?
False
Is 18 a factor of 3298?
False
Does 25 divide 1150?
True
Is 8 a factor of 1128?
True
Is 328 a multiple of 41?
True
Is 22 a factor of 109494?
True
Does 9 divide 552?
False
Does 77 divide 2969?
False
Does 29 divide 266?
False
Is 7 a factor of 728?
True
Is 8227 a multiple of 19?
True
Is 8 a factor of 10352?
True
Is 363 a multiple of 33?
True
Does 2 divide 113?
False
Does 7 divide 362?
False
Is 3480 a multiple of 15?
True
Is 156 a multiple of 26?
True
Does 184 divide 30299?
False
Is 2025 a multiple of 14?
False
Is 3269 a multiple of 168?
False
Does 74 divide 77734?
False
Is 3 a factor of 8308?
False
Is 32157 a multiple of 12?
False
Is 43 a factor of 54176?
False
Is 23908 a multiple of 20?
False
Is 165 a multiple of 20?
False
Does 4 divide 1349?
False
Is 105 a factor of 24885?
True
Is 254 a multiple of 3?
False
Is 962 a multiple of 2?
True
Is 6132 a multiple of 125?
False
Does 58 divide 638?
True
Is 94 a factor of 2914?
True
Does 16 divide 461?
False
Does 18 divide 6804?
True
Does 28 divide 447?
False
Does 3 divide 414?
True
Does 139 divide 5560?
True
Is 496 a multiple of 8?
True
Is 1298 a multiple of 11?
True
Is 8 a factor of 12935?
False
Does 19 divide 1273?
True
Is 76353 a multiple of 94?
False
Does 11 divide 89324?
False
Is 45627 a multiple of 367?
False
Does 4 divide 1800?
True
Does 18 divide 252?
True
Is 14 a factor of 125?
False
Does 75 divide 3311?
False
Is 1850 a multiple of 185?
True
Does 104 divide 37248?
False
Is 11395 a multiple of 53?
True
Is 1140 a multiple of 10?
True
Is 23064 a multiple of 4?
True
Is 1305 a multiple of 29?
True
Does 15 divide 3801?
False
Is 2025 a multiple of 9?
True
Is 3 a factor of 93?
True
Is 6 a factor of 205?
False
Does 10 divide 6888?
False
Does 20 divide 652?
False
Is 5 a factor of 12200?
True
Is 360 a multiple of 18?
True
Is 1343 a multiple of 19?
False
Is 94 a factor of 72513?
False
Is 16 a factor of 44967?
False
Is 10140 a multiple of 30?
True
Does 6 divide 16?
False
Does 27 divide 592?
False
Is 207 a factor of 9315?
True
Is 10 a factor of 165239?
False
Does 66 divide 21516?
True
Is 847 a multiple of 24?
False
Is 2 a factor of 363?
False
Is 12271 a multiple of 3?
False
Does 28 divide 510?
False
Is 22 a factor of 383?
False
Does 47 divide 21855?
True
Is 162 a factor of 21708?
True
Is 17380 a multiple of 22?
True
Is 598 a multiple of 26?
True
Is 1136 even?
True
Is 15849 a multiple of 29?
False
Does 55 divide 2128?
False
Is 13 a factor of 221?
True
Is 228 a multiple of 57?
True
Is 999 a multiple of 48?
False
Is 20060 a multiple of 47?
False
Is 14 a factor of 810?
False
Is 76 a factor of 684?
True
Does 172 divide 47505?
False
Does 13 divide 1084?
False
Does 33 divide 165?
True
Is 2400 a multiple of 48?
True
Is 36482 a multiple of 34?
True
Is 9553 a multiple of 41?
True
Is 33 a factor of 528?
True
Is 35 a factor of 1016?
False
Is 19211 a multiple of 119?
False
Does 24 divide 472?
False
Does 17 divide 17748?
True
Does 26 divide 262?
False
Does 54 divide 1836?
True
Is 35 a factor of 455?
True
Is 754 a multiple of 2?
True
Does 100 divide 21784?
False
Does 9 divide 1467?
True
Is 208 a multiple of 13?
True
Does 14 divide 568?
False
Is 41 a factor of 820?
True
Is 5494 a multiple of 15?
False
Does 70 divide 10175?
False
Does 8 divide 120?
True
Is 361 a multiple of 19?
True
Is 52 a factor of 31291?
False
Is 6 a factor of 51880?
False
Does 9 divide 56?
False
Does 28 divide 364?
True
Is 27 a factor of 46142?
False
Is 30 a factor of 3210?
True
Is 296 a multiple of 74?
True
Is 4848 a multiple of 202?
True
Is 3650 a multiple of 10?
True
Does 8 divide 1400?
True
Is 594 a multiple of 18?
True
Is 36 a factor of 1908?
True
Is 16 a factor of 2444?
False
Does 17 divide 816?
True
Is 42434 a multiple of 3?
False
Is 128 a multiple of 8?
True
Is 7 a factor of 7100?
False
Does 22 divide 66?
True
Is 15 a factor of 1395?
True
Does 14 divide 324?
False
Does 30 divide 262?
False
Is 6930 a multiple of 11?
True
Is 8 a factor of 1929?
False
Does 11 divide 7260?
True
Is 7 a factor of 43?
False
Does 52 divide 6050?
False
Is 13 a factor of 1482?
True
Is 1174 a multiple of 9?
False
Does 104 divide 6144?
False
Is 7 a factor of 3521?
True
Is 62325 a multiple of 45?
True
Does 3 divide 1023?
True
Does 76 divide 1776?
False
Does 278 divide 73392?
True
Does 16 divide 26400?
True
Is 1944 a multiple of 108?
True
Does 61 divide 17629?
True
Is 932 a multiple of 6?
False
Is 8 a factor of 22728?
True
Is 136 a factor of 4760?
True
Does 139 divide 12178?
False
Does 20 divide 2204?
False
Does 29 divide 435?
True
Does 20 divide 7540?
True
Is 3161 a multiple of 29?
True
Does 10 divide 2275?
False
Does 3 divide 139?
False
Is 1056 a multiple of 96?
True
Is 12 a factor of 9457?
False
Does 4 divide 3468?
True
Is 15 a factor of 2214?
False
Does 40 divide 58073?
False
Is 39310 a multiple of 20?
False
Does 18 divide 1620?
True
Is 18 a multiple of 2?
True
Is 344 a multiple of 47?
False
Is 14 a factor of 308?
True
Is 38 a factor of 1208?
False
Does 59 divide 2758?
False
Is 189 a factor of 9786?
False
Is 10 a factor of 27383?
False
Is 8 a factor of 1401?
False
Is 540 a multiple of 15?
True
Does 8 divide 61?
False
Is 230 a multiple of 10?
True
Is 3 a factor of 7136?
False
Is 29 a factor of 609?
True
Is 3 a factor of 17?
False
Is 67 a factor of 22646?
True
Is 13 a factor of 46245?
False
Is 112121 a multiple of 10?
False
Is 18626 a multiple of 134?
True
Does 32 divide 1288?
False
Is 946 a multiple of 9?
False
Does 109 divide 13407?
True
Is 8546 a multiple of 11?
False
Is 20136 a multiple of 26?
False
Does 43 divide 3268?
True
Is 64 a factor of 320?
True
Does 11 divide 23971?
False
Is 4 a factor of 2109?
False
Is 640 a multiple of 32?
True
Is 33 a factor of 3463?
False
Is 4 a factor of 5053?
False
Is 21 a factor of 138?
False
Is 18 a factor of 80765?
False
Is 159914 a multiple of 14?
False
Does 33 divide 1081?
False
Is 16176 a multiple of 60?
False
Is 7 a factor of 2653?
True
Does 8 divide 39584?
True
Is 24 a factor of 908?
False
Is 90 a factor of 44668?
False
Does 25 divide 3125?
True
Does 7 divide 360?
False
Does 16 divide 165?
False
Is 138 a factor of 75072?
True
Is 2 a factor of 180?
True
Is 5692 a multiple of 16?
False
Does 5 divide 428?
False
Is 1288 a multiple of 30?
False
Does 5 divide 2104?
False
Does 10 divide 2320?
True
Does 157 divide 72929?
False
Is 2 a factor of 621?
False
Is 9828 a multiple of 7?
True
Does 45 divide 1334?
False
Is 46806 a multiple of 29?
True
Is 23 a factor of 46?
True
Does 7 divide 1004?
False
Is 24 a factor of 3312?
True
Is 4 a factor of 404?
True
Does 23 divide 2391?
False
Does 6 divide 582?
True
Is 22 a multiple of 13?
False
Is 17402 a multiple of 7?
True
Is 2985 a multiple of 15?
True
Does 38 divide 494?
True
Is 41 a factor of 1842?
False
Is 577 a multiple of 15?
False
Is 54 a factor of 8370?
True
Is 20 a factor of 160?
True
Does 14 divide 14602?
True
Is 20 a factor of 1583?
False
Does 8 divide 948?
False
Does 192 divide 8370?
False
Does 48 divide 691?
False
Is 3869 a multiple of 5?
False
Is 906 a multiple of 12?
False
Is 147 even?
False
Does 41 divide 3567?
True
Does 61 divide 3050?
True
Is 3368 a multiple of 8?
True
Doe